l) = 6*l**3 - l**2 + l - 1. Let a(x) = -x**3 - 5*x**2 + 7*x + 7. Let y(z) = z**2 - 7*z + 6. Let f be y(4). Let t be a(f). Give c(t).
5
Let x(u) be the first derivative of u**3/3 - 3*u**2 + 6*u + 10. What is x(4)?
-2
Let q be (-2)/6 + (-122)/(-6). Let x(l) = -1 + 4*l - 3*l - 7*l**2 + q*l**2. Determine x(1).
13
Let j = -3 - 3. Let r(t) = 5*t**2 + 7*t + 3. Let n(x) = -11*x**2 - 14*x - 5. Let p(u) = 4*n(u) + 9*r(u). What is p(j)?
1
Let a be 21/3*(3 - 4). Let z(i) = i**3 + 7*i**2 - 2*i - 4. Calculate z(a).
10
Let a(n) = -n**2 - n + 1. Let c(r) be the first derivative of -r**3/3 + 5*r**2 - 3*r - 2. Let b be c(10). Give a(b).
-5
Suppose -2*b = -t + 3*b - 6, 2*t + 3*b - 14 = 0. Let u(d) = -t + d + 4 + 3. Determine u(-3).
0
Let r be ((-4)/(-8) + -1)*12. Let c(u) = -u**2 - 7*u + 1. Calculate c(r).
7
Let a(x) = -109*x + 229*x - 4 - 118*x. What is a(4)?
4
Let b(d) = -2*d**2 - 4*d - 2. Suppose -12 = 7*z - 3*z. Give b(z).
-8
Let i(t) = -t + 5. Let s be 15/(-2)*(-6)/9. Suppose 4*b = -5*p, -s*p + 0*p = -b + 25. Give i(b).
0
Let d(s) = s**2 - 5*s + 1. Let p = 5 - 2. Let r(o) = -2*o**2 + 6*o - 2. Let w(x) = p*d(x) + 2*r(x). What is w(-2)?
1
Suppose -49 = 3*p - 3*w + 8*w, p + 5*w = -33. Let s(h) = -h**3 - 7*h**2 + 8*h + 4. Let m be s(p). Let c(x) = -x - 3. What is c(m)?
-7
Suppose -4*o + 6 = 2*q - 4, -2*o = 5*q - 17. Suppose q*j - 5*j = -8. Let z(r) = r**3 - 4*r**2 - 2. What is z(j)?
-2
Let r(x) be the second derivative of -x**3/2 + 2*x**2 + 29*x. Calculate r(5).
-11
Let q(b) = 6*b**3 - b**2 + 10*b + 8. Let a(c) = -5*c**3 - 9*c - 7. Let h(i) = 5*a(i) + 4*q(i). What is h(-3)?
3
Let y(a) = 5*a**3 + 0*a**3 + 0*a**3 - a**3 - 3*a**3. Let r = -5 + 15. Suppose -h = 2, 4*t + 3*h + 0 = -r. What is y(t)?
-1
Let q(v) = 2*v**3 + 3*v + 4*v**3 - 7*v**3 - 4 - 2*v**2 + 0*v**2. Let m(p) = -p**3 - 3*p**2 + 4*p - 5. Let z(l) = -3*m(l) + 4*q(l). Determine z(-1).
1
Let g(d) = -d**2 - 5*d - 2. Let q be g(-5). Let n(p) = 5 - p - 5 + 1 + 0. What is n(q)?
3
Let r(m) be the third derivative of -m**5/60 + m**4/24 - m**3/3 + 5*m**2. Determine r(0).
-2
Let m(i) = 13*i**2 + 5*i - 5. Let x(h) = 37*h**2 + 15*h - 14. Let u(a) = 17*m(a) - 6*x(a). What is u(-7)?
-15
Let j(m) be the third derivative of -m**8/1344 + m**7/2520 - m**6/720 - m**5/120 - m**4/24 + 3*m**2. Let z(l) be the second derivative of j(l). Calculate z(-1).
6
Let f(l) = -l**2 + 7*l - 2. Let z(w) = -6*w + 3. Let u(b) = -2*f(b) - 3*z(b). What is u(-4)?
11
Let t(c) be the third derivative of -c**5/60 + c**4/24 - c**3/3 + 25*c**2. Give t(5).
-22
Let w(l) be the first derivative of -7*l**2/2 + 7. Give w(1).
-7
Let w = 15 - 9. Let g(h) = -2*h - w*h**2 + 0*h + 0*h**2 + 1 + h. Let x be g(1). Let p(f) = f + 6. Determine p(x).
0
Let i(z) = -z**2 + 6*z - 4. Let a be 0 + (7 - (4 - 1)). Determine i(a).
4
Let c(v) = v**3 - 8*v**2 - 6*v + 5. Let j(h) = 6*h**3 - 41*h**2 - 31*h + 25. Let t(i) = -11*c(i) + 2*j(i). Determine t(-5).
0
Let s(n) = n**2 - 9*n - 4. Let z(x) = x**2 - x - 1. Suppose 3*w + 15 = -2*w. Let o be (-8)/(-44) + 9/11. Let r(b) = o*s(b) + w*z(b). What is r(-4)?
-9
Let p(l) = 6*l + 2. Let a(o) = o + 1. Let r(g) = 6*a(g) - 2*p(g). Let s be r(1). Let m(t) = -t**2 - 3*t + 5. Calculate m(s).
1
Let r = 7 + -4. Let f(x) = -5 + r*x + x**3 - 6*x**2 + 1 + 3*x**2. Suppose -3*k - 4*q + 3 = -2, k = -3*q. Give f(k).
5
Let b(o) be the third derivative of o**4/8 + o**3/6 + 2*o**2. Suppose -5*m + 28 = 4*u, 5*u + 3*m - 17 = 5. Suppose 4*r - 5*y = 9, 1 = r - 2*y - u. Give b(r).
4
Let p(v) = v + 16. Let z(n) = -7*n - 2. Let j be z(1). Give p(j).
7
Suppose -9 = -4*r - 5*y, 5*y + 0*y - 8 = -3*r. Let s(b) be the third derivative of -1/24*b**6 + 0 + 0*b - 7*b**2 - 1/24*b**4 + 0*b**3 + 1/30*b**5. Give s(r).
-4
Let s = -10 + 10. Suppose -1 = m - s*m. Let o(j) = -j + 8*j**2 - 2 + 2. Give o(m).
9
Let m(b) = -6*b**2 - 11*b - 4. Suppose 5*l = 15 - 5. Let h(r) = r**2 - 2*r + 0*r + 0*r**l + 3*r. Let z(n) = -5*h(n) - m(n). What is z(-6)?
4
Let y(t) = -2 - 22*t**2 - 2*t + 23*t**2 - 8*t + 5*t. Suppose 5*b = b + 12. What is y(b)?
-8
Suppose -4 = 3*w - 2*w. Let t = -12 + 17. Let r(s) = 6 + 0*s + t*s - 3*s. What is r(w)?
-2
Suppose 1 = -4*s + 13. Let b(d) be the third derivative of d**6/120 - d**5/15 + d**4/6 - 2*d**3/3 - 2*d**2. Determine b(s).
-1
Let m(v) = -6*v. Let r = 9 - 6. Let w be (3/(-2))/(r/6). Let b(n) = -n**2 - 3*n - 1. Let l be b(w). Calculate m(l).
6
Suppose 10 = -z + 2*z. Let i(p) = p - 8. Give i(z).
2
Let w(z) = 0 - z - 8*z - 6 - z**2 + 4*z. Let m(p) = p**3 - 6*p**2 - p + 1. Let t(v) = -v**3 - v**2 + 6. Let l be t(0). Let x be m(l). Give w(x).
-6
Let u(v) = -4*v - 3. Let c be u(-1). Let y(i) = 17*i**2 + i. What is y(c)?
18
Let u(i) = -24*i - 3 + i**2 + 16*i + 0. Determine u(7).
-10
Let c be ((-70)/(-7))/(1 + 1). Let t(g) be the third derivative of -1/6*g**3 - 1/60*g**c + 1/4*g**4 + 0 + g**2 + 0*g. Determine t(4).
7
Let u(d) = -165 + 88 + 80 + 4*d**2 - 4*d. Give u(2).
11
Let p(f) = 3*f + 2. Suppose -2*j - 2*j + 44 = 0. Suppose -5*u + 1 = j. Determine p(u).
-4
Let m(r) = 3 + 8*r - 3*r - 4 - 5*r**3 + 4*r**3 - 3*r**2. Give m(-4).
-5
Let a(v) = v**2 - 3*v - 6. Let r be a(5). Let b = 5 - r. Let o be 5*(0 + 1) - b. Let h(i) = i**2 - 2*i - 5. Give h(o).
3
Let q(h) = h**2 - h - 1. Let w be q(-2). Let b(g) = g**2 - 5*g - 1. What is b(w)?
-1
Let c(s) = -s**2 + 3*s + 1. Let x be ((-24)/(-20))/((-1)/(-5)). Suppose z - 5*g - 20 = 0, x = -4*g - 2. Suppose -5*d = -0*d + z. Calculate c(d).
-9
Let x(i) = -7*i**2 - i - 1. Let d = 21 - 29. Let m be 21/(-27) + d/36. Give x(m).
-7
Let y = -73 - -73. Let l(d) be the third derivative of -d**6/720 - d**5/24 + d**4/24 + d**2. Let p(n) be the second derivative of l(n). Give p(y).
-5
Let a(g) be the first derivative of -g**2/2 - 2*g + 4. Calculate a(-4).
2
Let f(g) = -g**3 + g**2 + g - 1. Let y(h) = -4*h**3 - 3*h**2 + 10*h - 5. Let r(u) = -3*f(u) + y(u). Calculate r(-7).
-2
Let n(s) be the second derivative of s**5/20 - 7*s**4/12 - 3*s**2/2 - 14*s. Determine n(7).
-3
Let l(m) = 0 + 1 - 5 - m - 6. Give l(-6).
-4
Let f(m) = m - m**3 + 127*m**2 + 3*m - 2 - 123*m**2. Determine f(5).
-7
Let u(l) = -5*l**2 - 3*l - 2. Let d(x) = 14*x**2 + 8*x + 5. Let z = -5 + 9. Let c(j) = z*d(j) + 11*u(j). Give c(2).
0
Let k(u) = 182 - 180 + 5*u - 3*u**3 + 6*u**2 + 4*u**3. Give k(-4).
14
Let z(j) be the third derivative of 0*j**3 + 1/60*j**5 - j**2 - 1/720*j**6 - 1/12*j**4 + 0 + 0*j. Let g(c) be the second derivative of z(c). Determine g(3).
-1
Suppose 2*v - 13 = 5*o, 0*o + 5*o + 4*v - 11 = 0. Let q be (-3 + 0/1)*o. Let s(b) = -q*b**2 + 3*b + 2*b**2 - 8*b. Determine s(-5).
0
Let s(x) = -128*x - 2 - 4*x**2 + 122*x + 3*x**2. What is s(-4)?
6
Let q(p) = p**3 + 4*p**2 - 5*p + 4. Let l be q(-5). Let h(t) = 3*t + 3*t + l*t**3 - 3*t**3 + 6*t**2. Give h(-5).
-5
Suppose -5*i - 1 = 3*q + 8, 5*i = 5*q + 15. Let f be 4/10 + 16/10. Suppose 0 = 2*c - i*c - f. Let d(w) = -7*w**2 + w. What is d(c)?
-6
Let y(a) = -a**3 + 5*a**2 + a. Let k be y(5). Suppose 6*f - 8 = f - 3*x, k*f = -x + 16. Let l(d) = -d**3 + 4*d**2 - 2*d - 1. Give l(f).
-9
Let h(t) = -4*t**3 - 2*t**2 + 6. Let c(u) = 3*u**3 + 2*u**2 - 5. Let y(v) = -5*c(v) - 4*h(v). Calculate y(-1).
-2
Let g(r) be the second derivative of r**3/6 - 21*r**2/2 - 11*r. What is g(0)?
-21
Let a(k) = k + 9. Let n = 116 - 122. What is a(n)?
3
Let l(m) be the third derivative of 0*m + 0 - 6*m**2 + 0*m**3 + 1/15*m**6 - 1/60*m**5 + 1/24*m**4. What is l(1)?
8
Suppose -2*j = -j - 5. Let s(l) = 4*l**3 + 19*l**2 + 22*l + 7. Let n(i) = i**3 + 6*i**2 + 7*i + 2. Let z(h) = -7*n(h) + 2*s(h). Calculate z(j).
0
Suppose -2*q = q - 6. Suppose q*c + 4 = 4*c. Let d(i) be the second derivative of i**3/2 - 3*i**2/2 - i. Determine d(c).
3
Let j = 8 - 4. Let h(d) = d + 8. Let v(p) = p + 8. Let b(s) = j*h(s) - 3*v(s). What is b(-4)?
4
Let v be -6*3/6*3. Let z = v + 7. Let i be (z*1)/(14/(-35)). Let b(p) = -p**3 + 5*p**2 + 7. What is b(i)?
7
Let l(j) = -2 - j - 10 - 14 + 14. Determine l(-10).
-2
Let o = 14 + -12. Let t(k) = -4 + 0*k**2 + 0 - k**o - 4*k. Give t(-5).
-9
Let j(f) = -15*f - 12*f + 28*f + 12. Calculate j(-5).
7
Suppose -2*n - 4 - 2 = 0. Let k(w) be the second derivative of -w**4/12 - 7*w**3/6 - 3*w**2/2 + 3*w. Determine k(n).
9
Let y(j) be the first derivative of j**2/2 - 2*j + 1. Let o = 8 - 9. Let x = o - -3. What is y(x)?
0
Let o(